{"id":2855,"date":"2019-07-10T07:38:30","date_gmt":"2019-07-10T07:38:30","guid":{"rendered":"http:\/\/www.hotelprimaverariva.it\/rooms\/appartamento-a-una-camera\/"},"modified":"2025-07-03T16:26:26","modified_gmt":"2025-07-03T16:26:26","slug":"apartments-mit-einem-zimmer","status":"publish","type":"portfolio","link":"https:\/\/www.hotelprimaverariva.it\/de\/portfolio\/apartments-mit-einem-zimmer\/","title":{"rendered":"Apartment mit einem Zimmer"},"content":{"rendered":"<div class=\"wpb-content-wrapper\"><p>[vc_row][vc_column][vc_column_text]<\/p>\n<h4><strong><span style=\"color: #407a00;\">&#8211;\u00a0<\/span><\/strong><strong style=\"color: #407a00;\">Aloe<\/strong> (55 m<sup>2<\/sup>)<br \/>\n<span style=\"color: #407a00;\"><strong>&#8211; Tulipano<\/strong><\/span> (48 m<sup>2<\/sup>)<br \/>\n<span style=\"color: #407a00;\"><strong>&#8211; Rosa<\/strong><\/span> (48 m<sup>2<\/sup>)<br \/>\n<span style=\"color: #407a00;\"><strong>&#8211; Violetta<\/strong><\/span> (48 m<sup>2<\/sup>)<br \/>\n<span style=\"color: #407a00;\"><strong>&#8211; Girasole<\/strong> <\/span>(48 m<sup>2<\/sup>)<\/h4>\n<p>&nbsp;<\/p>\n<p>Sie sind elegant, fein, mit viel Geschmack und Liebe und aus zertifiziertem FSC-Holz eingerichtet. Alle verf\u00fcgen zwei gro\u00dfen Balkon.<\/p>\n<p>Der moderne Komfort tr\u00e4gt dazu bei, dass Sie einen erholsamen und romantischen Aufenthalt genie\u00dfen k\u00f6nnen.<\/p>\n<p>Perfekte f\u00fcr Familien mit Kindern, praktisch und elegant.<\/p>\n<p>&nbsp;<\/p>\n<p><strong><span style=\"color: #407a00;\">Alle Apartments bieten folgende Dienste an:\u00a0<\/span><\/strong>Schwimmbad, Garage, Garten, Bike Depot mit Waschm\u00f6glichkeit und Aufbewahrung, Spielplatz oder genie\u00dfen Sie einfach, mit einem Aufpreis, den Fr\u00fchst\u00fcck auf unsere Terrasse und den Nachmittagsdienst an der Bar.<\/p>\n<p>&nbsp;<\/p>\n<p><strong><span style=\"color: #407a00;\">Alle Apartments bieten:<br \/>\n<\/span><\/strong>&#8212; Zwei Einzelbett oder ein Ehebett<br \/>\n&#8212; Badezimmer<br \/>\n&#8212; Wohnbereich mit Schlafcouch und TV<br \/>\n&#8212; Ausgestattete K\u00fcche<br \/>\n&#8212; Zwei ger\u00e4umige Balkons oder ein Garten von 40mq<\/p>\n<p>&nbsp;<\/p>\n<p><strong><span style=\"color: #407a00;\">Die Apartments sind ausgestattet mit:<br \/>\n&#8212;\u00a0<\/span><\/strong>Satelliten TV mit mehrsprachigen Sendern<br \/>\n&#8212;\u00a0Bettw\u00e4sche<br \/>\n&#8212;\u00a0Tresor<br \/>\n&#8212;\u00a0Klimaanlage\/Heizung, die in jedem Apartment geregelt werden kann<br \/>\n&#8212;\u00a0Freies W-Lan<br \/>\n&#8212;\u00a0Microwelle<br \/>\n&#8212;\u00a0K\u00fchlschrank<br \/>\n&#8212;\u00a0Kaffeemaschine<br \/>\n&#8212;\u00a0Wasserkocher<br \/>\n&#8212;\u00a0Tischgeschirr und Kochutensilien<\/p>\n<p>&nbsp;<\/p>\n<p><strong><span style=\"color: #407a00;\">Besonderheit:<br \/>\n<\/span>ALOE<\/strong> ist behindertengerecht eingerichtet.<\/p>\n<p>&nbsp;[\/vc_column_text][\/vc_column][\/vc_row]<\/p>\n<\/div>","protected":false},"excerpt":{"rendered":"<p>[vc_row][vc_column][vc_column_text] &#8211;\u00a0Aloe (55 m2) &#8211; Tulipano (48 m2) &#8211; Rosa (48 m2) &#8211; Violetta (48 m2) &#8211; Girasole (48 m2) &nbsp; Sie sind elegant, fein, mit viel Geschmack und Liebe und aus zertifiziertem FSC-Holz eingerichtet. Alle verf\u00fcgen zwei gro\u00dfen Balkon. Der moderne Komfort tr\u00e4gt dazu bei, dass Sie einen erholsamen und romantischen Aufenthalt genie\u00dfen k\u00f6nnen.&hellip;<\/p>\n","protected":false},"author":2,"featured_media":3024,"comment_status":"closed","ping_status":"closed","template":"","meta":{"_acf_changed":false,"_monsterinsights_skip_tracking":false,"_monsterinsights_sitenote_active":false,"_monsterinsights_sitenote_note":"","_monsterinsights_sitenote_category":0,"pgc_sgb_lightbox_settings":"","footnotes":""},"portfolio_category":[31],"portfolio_tag":[],"class_list":["post-2855","portfolio","type-portfolio","status-publish","has-post-thumbnail","hentry","portfolio_category-appartamenti"],"acf":[],"_links":{"self":[{"href":"https:\/\/www.hotelprimaverariva.it\/de\/wp-json\/wp\/v2\/portfolio\/2855","targetHints":{"allow":["GET"]}}],"collection":[{"href":"https:\/\/www.hotelprimaverariva.it\/de\/wp-json\/wp\/v2\/portfolio"}],"about":[{"href":"https:\/\/www.hotelprimaverariva.it\/de\/wp-json\/wp\/v2\/types\/portfolio"}],"author":[{"embeddable":true,"href":"https:\/\/www.hotelprimaverariva.it\/de\/wp-json\/wp\/v2\/users\/2"}],"replies":[{"embeddable":true,"href":"https:\/\/www.hotelprimaverariva.it\/de\/wp-json\/wp\/v2\/comments?post=2855"}],"version-history":[{"count":10,"href":"https:\/\/www.hotelprimaverariva.it\/de\/wp-json\/wp\/v2\/portfolio\/2855\/revisions"}],"predecessor-version":[{"id":3682,"href":"https:\/\/www.hotelprimaverariva.it\/de\/wp-json\/wp\/v2\/portfolio\/2855\/revisions\/3682"}],"wp:featuredmedia":[{"embeddable":true,"href":"https:\/\/www.hotelprimaverariva.it\/de\/wp-json\/wp\/v2\/media\/3024"}],"wp:attachment":[{"href":"https:\/\/www.hotelprimaverariva.it\/de\/wp-json\/wp\/v2\/media?parent=2855"}],"wp:term":[{"taxonomy":"portfolio_category","embeddable":true,"href":"https:\/\/www.hotelprimaverariva.it\/de\/wp-json\/wp\/v2\/portfolio_category?post=2855"},{"taxonomy":"portfolio_tag","embeddable":true,"href":"https:\/\/www.hotelprimaverariva.it\/de\/wp-json\/wp\/v2\/portfolio_tag?post=2855"}],"curies":[{"name":"wp","href":"https:\/\/api.w.org\/{rel}","templated":true}]}}

<div class="wpb-content-wrapper"><p>[vc_row][vc_column][vc_column_text]</p>
<h4><strong><span style="color: #407a00;">&#8211; </span></strong><strong style="color: #407a00;">Aloe</strong> (55 m<sup>2</sup>)<br />
<span style="color: #407a00;"><strong>&#8211; Tulipano</strong></span> (48 m<sup>2</sup>)<br />
<span style="color: #407a00;"><strong>&#8211; Rosa</strong></span> (48 m<sup>2</sup>)<br />
<span style="color: #407a00;"><strong>&#8211; Violetta</strong></span> (48 m<sup>2</sup>)<br />
<span style="color: #407a00;"><strong>&#8211; Girasole</strong> </span>(48 m<sup>2</sup>)</h4>
<p>&nbsp;</p>
<p>Sie sind elegant, fein, mit viel Geschmack und Liebe und aus zertifiziertem FSC-Holz eingerichtet. Alle verfügen zwei großen Balkon.</p>
<p>Der moderne Komfort trägt dazu bei, dass Sie einen erholsamen und romantischen Aufenthalt genießen können.</p>
<p>Perfekte für Familien mit Kindern, praktisch und elegant.</p>
<p>&nbsp;</p>
<p><strong><span style="color: #407a00;">Alle Apartments bieten folgende Dienste an: </span></strong>Schwimmbad, Garage, Garten, Bike Depot mit Waschmöglichkeit und Aufbewahrung, Spielplatz oder genießen Sie einfach, mit einem Aufpreis, den Frühstück auf unsere Terrasse und den Nachmittagsdienst an der Bar.</p>
<p>&nbsp;</p>
<p><strong><span style="color: #407a00;">Alle Apartments bieten:<br />
</span></strong>&#8212; Zwei Einzelbett oder ein Ehebett<br />
&#8212; Badezimmer<br />
&#8212; Wohnbereich mit Schlafcouch und TV<br />
&#8212; Ausgestattete Küche<br />
&#8212; Zwei geräumige Balkons oder ein Garten von 40mq</p>
<p>&nbsp;</p>
<p><strong><span style="color: #407a00;">Die Apartments sind ausgestattet mit:<br />
&#8212; </span></strong>Satelliten TV mit mehrsprachigen Sendern<br />
&#8212; Bettwäsche<br />
&#8212; Tresor<br />
&#8212; Klimaanlage/Heizung, die in jedem Apartment geregelt werden kann<br />
&#8212; Freies W-Lan<br />
&#8212; Microwelle<br />
&#8212; Kühlschrank<br />
&#8212; Kaffeemaschine<br />
&#8212; Wasserkocher<br />
&#8212; Tischgeschirr und Kochutensilien</p>
<p>&nbsp;</p>
<p><strong><span style="color: #407a00;">Besonderheit:<br />
</span>ALOE</strong> ist behindertengerecht eingerichtet.</p>
<p>&nbsp;[/vc_column_text][/vc_column][/vc_row]</p>
</div>

<p>[vc_row][vc_column][vc_column_text] &#8211; Aloe (55 m2) &#8211; Tulipano (48 m2) &#8211; Rosa (48 m2) &#8211; Violetta (48 m2) &#8211; Girasole (48 m2) &nbsp; Sie sind elegant, fein, mit viel Geschmack und Liebe und aus zertifiziertem FSC-Holz eingerichtet. Alle verfügen zwei großen Balkon. Der moderne Komfort trägt dazu bei, dass Sie einen erholsamen und romantischen Aufenthalt genießen können.&hellip;</p>
