{"id":3443,"date":"2025-05-09T09:09:14","date_gmt":"2025-05-09T09:09:14","guid":{"rendered":"https:\/\/www.hotelprimaverariva.it\/?page_id=3443"},"modified":"2026-04-13T15:57:37","modified_gmt":"2026-04-13T15:57:37","slug":"nachhaltigkeit","status":"publish","type":"page","link":"https:\/\/www.hotelprimaverariva.it\/de\/nachhaltigkeit\/","title":{"rendered":"Nachhaltigkeit"},"content":{"rendered":"<div class=\"wpb-content-wrapper\"><p>[vc_row disable_element=&#8220;yes&#8220;][vc_column][rev_slider_vc alias=&#8220;sostenibilita&#8220;][vc_empty_space][\/vc_column][\/vc_row][vc_row content_placement=&#8220;middle&#8220; css_animation=&#8220;none&#8220;][vc_column css_animation=&#8220;none&#8220;][vc_custom_heading text=&#8220;Nachhaltigkeit und Philosophie&#8220; font_container=&#8220;tag:h1|font_size:50|text_align:center|color:%2393b200&#8243; use_theme_fonts=&#8220;yes&#8220;][vc_column_text css_animation=&#8220;right-to-left&#8220; css=&#8220;.vc_custom_1746781698673{margin-bottom: 0px !important;}&#8220;]<\/p>\n<p style=\"text-align: center;\"><strong>Unsere Philosophie eines nachhaltigen Hotels<br \/>\n<\/strong><em>Gestern &#8211; Heute &#8211; Mit Blick auf die Zukunft<\/em><br \/>\n<em>Initiativkraft &#8211; Erfahrung &#8211; Energie<\/em><\/p>\n<p>[\/vc_column_text][\/vc_column][\/vc_row][vc_row][vc_column][vc_empty_space height=&#8220;50&#8243;][\/vc_column][\/vc_row][vc_row content_placement=&#8220;middle&#8220; css_animation=&#8220;none&#8220; el_class=&#8220;restaurant&#8220;][vc_column css_animation=&#8220;none&#8220;][vc_custom_heading text=&#8220;\u00dcBER UNS&#8220; font_container=&#8220;tag:h2|font_size:30|text_align:center|color:%2393b200&#8243; use_theme_fonts=&#8220;yes&#8220;][vc_column_text css_animation=&#8220;right-to-left&#8220; css=&#8220;.vc_custom_1746781708123{margin-bottom: 0px !important;}&#8220;]<\/p>\n<p style=\"text-align: center;\">Das Ecohotel Primavera wurde 2010 aus einem Familienbetrieb gegr\u00fcndet, der seit den 1980er Jahren aktiv war. Aus einer einzigartigen und innovativen Idee, die unser Gebiet aufwertet, ohne es zu sch\u00e4digen, also authentisch \u00f6kologisch.<\/p>\n<p>[\/vc_column_text][vc_empty_space height=&#8220;50&#8243;][vc_single_image image=&#8220;4124&#8243; img_size=&#8220;large&#8220; alignment=&#8220;center&#8220; css=&#8220;&#8220;][\/vc_column][\/vc_row][vc_row][vc_column][vc_empty_space height=&#8220;50&#8243;][\/vc_column][\/vc_row][vc_row equal_height=&#8220;yes&#8220; content_placement=&#8220;middle&#8220; css_animation=&#8220;fadeIn&#8220;][vc_column css_animation=&#8220;none&#8220; css=&#8220;.vc_custom_1746781826057{padding-right: 20px !important;padding-left: 20px !important;background-color: #ffffff !important;}&#8220;][vc_custom_heading text=&#8220;WIE WIR ES TUN&#8220; font_container=&#8220;tag:h3|font_size:30|text_align:center|color:%2393b200&#8243; use_theme_fonts=&#8220;yes&#8220; css=&#8220;&#8220;][vc_column_text css_animation=&#8220;fadeIn&#8220; css=&#8220;.vc_custom_1756313856096{margin-bottom: 0px !important;}&#8220;]<\/p>\n<p style=\"text-align: center;\">Von einem fortschrittlichen Nachhaltigkeitsprojekt bis zu seiner Realisierung, wobei die bioklimatische modulare Holzstruktur den klassischen Beton durch Schichten zertifiziertem Holz ersetzt. Von den Pfosten \u00fcber die Hochdruck-Leimholzbalken bis hin zu den Holzfasern als Isolierung und den bel\u00fcfteten Au\u00dfenw\u00e4nden. Verwendung \u00f6kologischer und wiederverwertbarer Materialien, mit dem Ziel, den Abfall so weit wie m\u00f6glich zu reduzieren und den Energieverbrauch zu senken<\/p>\n<p style=\"text-align: center;\"><strong>\u201eDu bist im Trentino und atmest die Natur in vollen Z\u00fcgen\u201c<\/strong>; das ist es, was wir unseren Kunden durch unser kleines nachhaltiges Paradies, unsere Arbeit, aber vor allem durch unser Territorium, das uns am Herzen liegt, nahebringen wollten.<\/p>\n<p>[\/vc_column_text][\/vc_column][\/vc_row][vc_row equal_height=&#8220;yes&#8220; content_placement=&#8220;middle&#8220; css_animation=&#8220;fadeIn&#8220;][vc_column css=&#8220;.vc_custom_1756313733878{padding-left: 0px !important;background-position: center !important;background-repeat: no-repeat !important;background-size: cover !important;}&#8220;][vc_custom_heading text=&#8220;ZIEL&#8220; font_container=&#8220;tag:h3|font_size:30|text_align:center|color:%2393b200&#8243; use_theme_fonts=&#8220;yes&#8220; css=&#8220;&#8220;][vc_column_text css_animation=&#8220;none&#8220; css=&#8220;.vc_custom_1757349587710{margin-bottom: 0px !important;}&#8220;]<\/p>\n<p style=\"text-align: center;\"><strong>Aus diesem Grund haben wir uns entschlossen, unser Ecohotel Primavera<br \/>\n<\/strong><strong>mit dem GSTC-Nachhaltigkeitssiegel zu zertifizieren.<\/strong><\/p>\n<p>[\/vc_column_text][vc_empty_space height=&#8220;30&#8243;][vc_single_image image=&#8220;4121&#8243; img_size=&#8220;medium&#8220; alignment=&#8220;center&#8220; onclick=&#8220;link_image&#8220; css=&#8220;&#8220;][vc_column_text css_animation=&#8220;none&#8220; css=&#8220;.vc_custom_1757349575897{margin-bottom: 0px !important;}&#8220;]<\/p>\n<p style=\"text-align: center;\">Wir m\u00f6chten unseren G\u00e4sten unser ganzes Engagement vermitteln, mit Erkl\u00e4rungen und kleinen Gesten, die verdeutlichen, wie sehr wir an diesen Weg glauben, der gestern begonnen hat und der uns dank unserer heutigen Arbeit zu einem besseren morgen verhelfen wird.<\/p>\n<p>[\/vc_column_text][vc_empty_space height=&#8220;30&#8243;][vc_column_text css_animation=&#8220;none&#8220; css=&#8220;.vc_custom_1752504628407{margin-bottom: 0px !important;}&#8220;]<\/p>\n<h3 style=\"text-align: center;\"><em>Die gesamte Familie Zucchelli im Ecohotel Primavera ist bem\u00fcht, Ihnen authentische Werte zu vermitteln und Ihnen einen Service zu bieten, der so nah wie m\u00f6glich an dem ist, was Sie zu Hause vorfinden m\u00f6chten.<\/em><\/h3>\n<p>[\/vc_column_text][\/vc_column][\/vc_row][vc_row][vc_column][vc_empty_space height=&#8220;100&#8243;][\/vc_column][\/vc_row][vc_row content_placement=&#8220;middle&#8220; css_animation=&#8220;none&#8220; el_class=&#8220;restaurant&#8220;][vc_column css_animation=&#8220;none&#8220; width=&#8220;1\/3&#8243;][vc_btn title=&#8220;Make the difference&#8220; shape=&#8220;square&#8220; color=&#8220;success&#8220; size=&#8220;lg&#8220; align=&#8220;center&#8220; i_icon_fontawesome=&#8220;fas fa-link&#8220; button_block=&#8220;true&#8220; add_icon=&#8220;true&#8220; link=&#8220;url:https%3A%2F%2Fwww.gardatrentino.it%2Fit%2Fmake-the-difference|title:Make%20the%20difference|target:_blank|rel:nofollow&#8220;][\/vc_column][vc_column width=&#8220;1\/3&#8243;][vc_btn title=&#8220;Code of Ethics&#8220; shape=&#8220;square&#8220; color=&#8220;success&#8220; size=&#8220;lg&#8220; align=&#8220;center&#8220; i_icon_fontawesome=&#8220;fas fa-file-pdf&#8220; button_block=&#8220;true&#8220; add_icon=&#8220;true&#8220; link=&#8220;url:https%3A%2F%2Fwww.hotelprimaverariva.it%2Fwp-content%2Fuploads%2F2025%2F04%2FCode-of-Ethics-EcoHotelPrimavera.pdf|title:Codes%20of%20Ethics|target:_blank|rel:nofollow&#8220;][\/vc_column][vc_column width=&#8220;1\/3&#8243;][vc_btn title=&#8220;Politica di sostenibilit\u00e0&#8220; shape=&#8220;square&#8220; color=&#8220;success&#8220; size=&#8220;lg&#8220; align=&#8220;center&#8220; i_icon_fontawesome=&#8220;&#8220; css=&#8220;&#8220; button_block=&#8220;true&#8220; add_icon=&#8220;true&#8220; link=&#8220;url:https%3A%2F%2Fwww.hotelprimaverariva.it%2Fwp-content%2Fuploads%2F2026%2F04%2FPolitica-di-sostenibilita-EcoHotelPrimavera.pdf|title:Politica%20di%20sostenibilit%C3%A0|target:_blank|rel:nofollow&#8220;][\/vc_column][\/vc_row][vc_row content_placement=&#8220;middle&#8220; css_animation=&#8220;none&#8220; disable_element=&#8220;yes&#8220; el_class=&#8220;restaurant&#8220;][vc_column css_animation=&#8220;none&#8220; width=&#8220;1\/2&#8243; css=&#8220;.vc_custom_1523281984144{padding-top: 0px !important;}&#8220;][vc_single_image image=&#8220;2584&#8243; img_size=&#8220;large&#8220; alignment=&#8220;center&#8220; onclick=&#8220;custom_link&#8220; img_link_target=&#8220;_blank&#8220; css_animation=&#8220;fadeIn&#8220; el_class=&#8220;image-shadow&#8220; link=&#8220;https:\/\/goo.gl\/maps\/2suNHAc5yBKkTN557&#8243;][\/vc_column][vc_column css_animation=&#8220;none&#8220; width=&#8220;1\/2&#8243; offset=&#8220;vc_hidden-xs&#8220;][vc_custom_heading text=&#8220;Dove siamo&#8220; font_container=&#8220;tag:h1|font_size:50|text_align:left|color:%2393b200&#8243; use_theme_fonts=&#8220;yes&#8220;][\/vc_column][\/vc_row][vc_row][vc_column][vc_empty_space][\/vc_column][\/vc_row][vc_row full_width=&#8220;stretch_row_content_no_spaces&#8220; disable_element=&#8220;yes&#8220; css=&#8220;.vc_custom_1746396314221{margin-bottom: 0px !important;padding-top: 0px !important;padding-bottom: 0px !important;}&#8220;][vc_column css=&#8220;.vc_custom_1521473062975{margin-top: 0px !important;padding-top: 0px !important;}&#8220;][vc_empty_space][vc_media_grid element_width=&#8220;3&#8243; gap=&#8220;2&#8243; item=&#8220;masonryMedia_SolidBlurOut&#8220; css=&#8220;.vc_custom_1565124972303{margin-bottom: 0px !important;padding-top: 0px !important;}&#8220; use_light_gallery=&#8220;yes&#8220; grid_id=&#8220;vc_gid:1776095829640-c4a660f1-a674-9&#8243; include=&#8220;2589,2592,2595,2598&#8243;][\/vc_column][\/vc_row]<\/p>\n<\/div>","protected":false},"excerpt":{"rendered":"<p>[vc_row disable_element=&#8220;yes&#8220;][vc_column][rev_slider_vc alias=&#8220;sostenibilita&#8220;][vc_empty_space][\/vc_column][\/vc_row][vc_row content_placement=&#8220;middle&#8220; css_animation=&#8220;none&#8220;][vc_column css_animation=&#8220;none&#8220;][vc_custom_heading text=&#8220;Nachhaltigkeit und Philosophie&#8220; font_container=&#8220;tag:h1|font_size:50|text_align:center|color:%2393b200&#8243; use_theme_fonts=&#8220;yes&#8220;][vc_column_text css_animation=&#8220;right-to-left&#8220; css=&#8220;.vc_custom_1746781698673{margin-bottom: 0px !important;}&#8220;] Unsere Philosophie eines nachhaltigen Hotels Gestern &#8211; Heute &#8211; Mit Blick auf die Zukunft Initiativkraft &#8211; Erfahrung &#8211; Energie [\/vc_column_text][\/vc_column][\/vc_row][vc_row][vc_column][vc_empty_space height=&#8220;50&#8243;][\/vc_column][\/vc_row][vc_row content_placement=&#8220;middle&#8220; css_animation=&#8220;none&#8220; el_class=&#8220;restaurant&#8220;][vc_column css_animation=&#8220;none&#8220;][vc_custom_heading text=&#8220;\u00dcBER UNS&#8220; font_container=&#8220;tag:h2|font_size:30|text_align:center|color:%2393b200&#8243; use_theme_fonts=&#8220;yes&#8220;][vc_column_text css_animation=&#8220;right-to-left&#8220; css=&#8220;.vc_custom_1746781708123{margin-bottom: 0px !important;}&#8220;] Das Ecohotel Primavera wurde 2010 aus einem&hellip;<\/p>\n","protected":false},"author":2,"featured_media":0,"parent":0,"menu_order":0,"comment_status":"closed","ping_status":"closed","template":"","meta":{"_acf_changed":false,"_monsterinsights_skip_tracking":false,"_monsterinsights_sitenote_active":false,"_monsterinsights_sitenote_note":"","_monsterinsights_sitenote_category":0,"pgc_sgb_lightbox_settings":"","footnotes":""},"class_list":["post-3443","page","type-page","status-publish","hentry"],"acf":[],"_links":{"self":[{"href":"https:\/\/www.hotelprimaverariva.it\/de\/wp-json\/wp\/v2\/pages\/3443","targetHints":{"allow":["GET"]}}],"collection":[{"href":"https:\/\/www.hotelprimaverariva.it\/de\/wp-json\/wp\/v2\/pages"}],"about":[{"href":"https:\/\/www.hotelprimaverariva.it\/de\/wp-json\/wp\/v2\/types\/page"}],"author":[{"embeddable":true,"href":"https:\/\/www.hotelprimaverariva.it\/de\/wp-json\/wp\/v2\/users\/2"}],"replies":[{"embeddable":true,"href":"https:\/\/www.hotelprimaverariva.it\/de\/wp-json\/wp\/v2\/comments?post=3443"}],"version-history":[{"count":21,"href":"https:\/\/www.hotelprimaverariva.it\/de\/wp-json\/wp\/v2\/pages\/3443\/revisions"}],"predecessor-version":[{"id":4407,"href":"https:\/\/www.hotelprimaverariva.it\/de\/wp-json\/wp\/v2\/pages\/3443\/revisions\/4407"}],"wp:attachment":[{"href":"https:\/\/www.hotelprimaverariva.it\/de\/wp-json\/wp\/v2\/media?parent=3443"}],"curies":[{"name":"wp","href":"https:\/\/api.w.org\/{rel}","templated":true}]}}

<div class="wpb-content-wrapper"><p>[vc_row disable_element=&#8220;yes&#8220;][vc_column][rev_slider_vc alias=&#8220;sostenibilita&#8220;][vc_empty_space][/vc_column][/vc_row][vc_row content_placement=&#8220;middle&#8220; css_animation=&#8220;none&#8220;][vc_column css_animation=&#8220;none&#8220;][vc_custom_heading text=&#8220;Nachhaltigkeit und Philosophie&#8220; font_container=&#8220;tag:h1|font_size:50|text_align:center|color:%2393b200&#8243; use_theme_fonts=&#8220;yes&#8220;][vc_column_text css_animation=&#8220;right-to-left&#8220; css=&#8220;.vc_custom_1746781698673{margin-bottom: 0px !important;}&#8220;]</p>
<p style="text-align: center;"><strong>Unsere Philosophie eines nachhaltigen Hotels<br />
</strong><em>Gestern &#8211; Heute &#8211; Mit Blick auf die Zukunft</em><br />
<em>Initiativkraft &#8211; Erfahrung &#8211; Energie</em></p>
<p>[/vc_column_text][/vc_column][/vc_row][vc_row][vc_column][vc_empty_space height=&#8220;50&#8243;][/vc_column][/vc_row][vc_row content_placement=&#8220;middle&#8220; css_animation=&#8220;none&#8220; el_class=&#8220;restaurant&#8220;][vc_column css_animation=&#8220;none&#8220;][vc_custom_heading text=&#8220;ÜBER UNS&#8220; font_container=&#8220;tag:h2|font_size:30|text_align:center|color:%2393b200&#8243; use_theme_fonts=&#8220;yes&#8220;][vc_column_text css_animation=&#8220;right-to-left&#8220; css=&#8220;.vc_custom_1746781708123{margin-bottom: 0px !important;}&#8220;]</p>
<p style="text-align: center;">Das Ecohotel Primavera wurde 2010 aus einem Familienbetrieb gegründet, der seit den 1980er Jahren aktiv war. Aus einer einzigartigen und innovativen Idee, die unser Gebiet aufwertet, ohne es zu schädigen, also authentisch ökologisch.</p>
<p>[/vc_column_text][vc_empty_space height=&#8220;50&#8243;][vc_single_image image=&#8220;4124&#8243; img_size=&#8220;large&#8220; alignment=&#8220;center&#8220; css=&#8220;&#8220;][/vc_column][/vc_row][vc_row][vc_column][vc_empty_space height=&#8220;50&#8243;][/vc_column][/vc_row][vc_row equal_height=&#8220;yes&#8220; content_placement=&#8220;middle&#8220; css_animation=&#8220;fadeIn&#8220;][vc_column css_animation=&#8220;none&#8220; css=&#8220;.vc_custom_1746781826057{padding-right: 20px !important;padding-left: 20px !important;background-color: #ffffff !important;}&#8220;][vc_custom_heading text=&#8220;WIE WIR ES TUN&#8220; font_container=&#8220;tag:h3|font_size:30|text_align:center|color:%2393b200&#8243; use_theme_fonts=&#8220;yes&#8220; css=&#8220;&#8220;][vc_column_text css_animation=&#8220;fadeIn&#8220; css=&#8220;.vc_custom_1756313856096{margin-bottom: 0px !important;}&#8220;]</p>
<p style="text-align: center;">Von einem fortschrittlichen Nachhaltigkeitsprojekt bis zu seiner Realisierung, wobei die bioklimatische modulare Holzstruktur den klassischen Beton durch Schichten zertifiziertem Holz ersetzt. Von den Pfosten über die Hochdruck-Leimholzbalken bis hin zu den Holzfasern als Isolierung und den belüfteten Außenwänden. Verwendung ökologischer und wiederverwertbarer Materialien, mit dem Ziel, den Abfall so weit wie möglich zu reduzieren und den Energieverbrauch zu senken</p>
<p style="text-align: center;"><strong>„Du bist im Trentino und atmest die Natur in vollen Zügen“</strong>; das ist es, was wir unseren Kunden durch unser kleines nachhaltiges Paradies, unsere Arbeit, aber vor allem durch unser Territorium, das uns am Herzen liegt, nahebringen wollten.</p>
<p>[/vc_column_text][/vc_column][/vc_row][vc_row equal_height=&#8220;yes&#8220; content_placement=&#8220;middle&#8220; css_animation=&#8220;fadeIn&#8220;][vc_column css=&#8220;.vc_custom_1756313733878{padding-left: 0px !important;background-position: center !important;background-repeat: no-repeat !important;background-size: cover !important;}&#8220;][vc_custom_heading text=&#8220;ZIEL&#8220; font_container=&#8220;tag:h3|font_size:30|text_align:center|color:%2393b200&#8243; use_theme_fonts=&#8220;yes&#8220; css=&#8220;&#8220;][vc_column_text css_animation=&#8220;none&#8220; css=&#8220;.vc_custom_1757349587710{margin-bottom: 0px !important;}&#8220;]</p>
<p style="text-align: center;"><strong>Aus diesem Grund haben wir uns entschlossen, unser Ecohotel Primavera<br />
</strong><strong>mit dem GSTC-Nachhaltigkeitssiegel zu zertifizieren.</strong></p>
<p>[/vc_column_text][vc_empty_space height=&#8220;30&#8243;][vc_single_image image=&#8220;4121&#8243; img_size=&#8220;medium&#8220; alignment=&#8220;center&#8220; onclick=&#8220;link_image&#8220; css=&#8220;&#8220;][vc_column_text css_animation=&#8220;none&#8220; css=&#8220;.vc_custom_1757349575897{margin-bottom: 0px !important;}&#8220;]</p>
<p style="text-align: center;">Wir möchten unseren Gästen unser ganzes Engagement vermitteln, mit Erklärungen und kleinen Gesten, die verdeutlichen, wie sehr wir an diesen Weg glauben, der gestern begonnen hat und der uns dank unserer heutigen Arbeit zu einem besseren morgen verhelfen wird.</p>
<p>[/vc_column_text][vc_empty_space height=&#8220;30&#8243;][vc_column_text css_animation=&#8220;none&#8220; css=&#8220;.vc_custom_1752504628407{margin-bottom: 0px !important;}&#8220;]</p>
<h3 style="text-align: center;"><em>Die gesamte Familie Zucchelli im Ecohotel Primavera ist bemüht, Ihnen authentische Werte zu vermitteln und Ihnen einen Service zu bieten, der so nah wie möglich an dem ist, was Sie zu Hause vorfinden möchten.</em></h3>
<p>[/vc_column_text][/vc_column][/vc_row][vc_row][vc_column][vc_empty_space height=&#8220;100&#8243;][/vc_column][/vc_row][vc_row content_placement=&#8220;middle&#8220; css_animation=&#8220;none&#8220; el_class=&#8220;restaurant&#8220;][vc_column css_animation=&#8220;none&#8220; width=&#8220;1/3&#8243;][vc_btn title=&#8220;Make the difference&#8220; shape=&#8220;square&#8220; color=&#8220;success&#8220; size=&#8220;lg&#8220; align=&#8220;center&#8220; i_icon_fontawesome=&#8220;fas fa-link&#8220; button_block=&#8220;true&#8220; add_icon=&#8220;true&#8220; link=&#8220;url:https%3A%2F%2Fwww.gardatrentino.it%2Fit%2Fmake-the-difference|title:Make%20the%20difference|target:_blank|rel:nofollow&#8220;][/vc_column][vc_column width=&#8220;1/3&#8243;][vc_btn title=&#8220;Code of Ethics&#8220; shape=&#8220;square&#8220; color=&#8220;success&#8220; size=&#8220;lg&#8220; align=&#8220;center&#8220; i_icon_fontawesome=&#8220;fas fa-file-pdf&#8220; button_block=&#8220;true&#8220; add_icon=&#8220;true&#8220; link=&#8220;url:https%3A%2F%2Fwww.hotelprimaverariva.it%2Fwp-content%2Fuploads%2F2025%2F04%2FCode-of-Ethics-EcoHotelPrimavera.pdf|title:Codes%20of%20Ethics|target:_blank|rel:nofollow&#8220;][/vc_column][vc_column width=&#8220;1/3&#8243;][vc_btn title=&#8220;Politica di sostenibilità&#8220; shape=&#8220;square&#8220; color=&#8220;success&#8220; size=&#8220;lg&#8220; align=&#8220;center&#8220; i_icon_fontawesome=&#8220;&#8220; css=&#8220;&#8220; button_block=&#8220;true&#8220; add_icon=&#8220;true&#8220; link=&#8220;url:https%3A%2F%2Fwww.hotelprimaverariva.it%2Fwp-content%2Fuploads%2F2026%2F04%2FPolitica-di-sostenibilita-EcoHotelPrimavera.pdf|title:Politica%20di%20sostenibilit%C3%A0|target:_blank|rel:nofollow&#8220;][/vc_column][/vc_row][vc_row content_placement=&#8220;middle&#8220; css_animation=&#8220;none&#8220; disable_element=&#8220;yes&#8220; el_class=&#8220;restaurant&#8220;][vc_column css_animation=&#8220;none&#8220; width=&#8220;1/2&#8243; css=&#8220;.vc_custom_1523281984144{padding-top: 0px !important;}&#8220;][vc_single_image image=&#8220;2584&#8243; img_size=&#8220;large&#8220; alignment=&#8220;center&#8220; onclick=&#8220;custom_link&#8220; img_link_target=&#8220;_blank&#8220; css_animation=&#8220;fadeIn&#8220; el_class=&#8220;image-shadow&#8220; link=&#8220;https://goo.gl/maps/2suNHAc5yBKkTN557&#8243;][/vc_column][vc_column css_animation=&#8220;none&#8220; width=&#8220;1/2&#8243; offset=&#8220;vc_hidden-xs&#8220;][vc_custom_heading text=&#8220;Dove siamo&#8220; font_container=&#8220;tag:h1|font_size:50|text_align:left|color:%2393b200&#8243; use_theme_fonts=&#8220;yes&#8220;][/vc_column][/vc_row][vc_row][vc_column][vc_empty_space][/vc_column][/vc_row][vc_row full_width=&#8220;stretch_row_content_no_spaces&#8220; disable_element=&#8220;yes&#8220; css=&#8220;.vc_custom_1746396314221{margin-bottom: 0px !important;padding-top: 0px !important;padding-bottom: 0px !important;}&#8220;][vc_column css=&#8220;.vc_custom_1521473062975{margin-top: 0px !important;padding-top: 0px !important;}&#8220;][vc_empty_space][vc_media_grid element_width=&#8220;3&#8243; gap=&#8220;2&#8243; item=&#8220;masonryMedia_SolidBlurOut&#8220; css=&#8220;.vc_custom_1565124972303{margin-bottom: 0px !important;padding-top: 0px !important;}&#8220; use_light_gallery=&#8220;yes&#8220; grid_id=&#8220;vc_gid:1776095829640-c4a660f1-a674-9&#8243; include=&#8220;2589,2592,2595,2598&#8243;][/vc_column][/vc_row]</p>
</div>

<p>[vc_row disable_element=&#8220;yes&#8220;][vc_column][rev_slider_vc alias=&#8220;sostenibilita&#8220;][vc_empty_space][/vc_column][/vc_row][vc_row content_placement=&#8220;middle&#8220; css_animation=&#8220;none&#8220;][vc_column css_animation=&#8220;none&#8220;][vc_custom_heading text=&#8220;Nachhaltigkeit und Philosophie&#8220; font_container=&#8220;tag:h1|font_size:50|text_align:center|color:%2393b200&#8243; use_theme_fonts=&#8220;yes&#8220;][vc_column_text css_animation=&#8220;right-to-left&#8220; css=&#8220;.vc_custom_1746781698673{margin-bottom: 0px !important;}&#8220;] Unsere Philosophie eines nachhaltigen Hotels Gestern &#8211; Heute &#8211; Mit Blick auf die Zukunft Initiativkraft &#8211; Erfahrung &#8211; Energie [/vc_column_text][/vc_column][/vc_row][vc_row][vc_column][vc_empty_space height=&#8220;50&#8243;][/vc_column][/vc_row][vc_row content_placement=&#8220;middle&#8220; css_animation=&#8220;none&#8220; el_class=&#8220;restaurant&#8220;][vc_column css_animation=&#8220;none&#8220;][vc_custom_heading text=&#8220;ÜBER UNS&#8220; font_container=&#8220;tag:h2|font_size:30|text_align:center|color:%2393b200&#8243; use_theme_fonts=&#8220;yes&#8220;][vc_column_text css_animation=&#8220;right-to-left&#8220; css=&#8220;.vc_custom_1746781708123{margin-bottom: 0px !important;}&#8220;] Das Ecohotel Primavera wurde 2010 aus einem&hellip;</p>
